z + 29. Calculate the remainder when y is divided by 18.
16
Suppose 2*d + 7*u - 36 = 3*u, 5*u = 15. What is the remainder when 19 is divided by d?
7
Let a(i) = -i**3 + 14*i**2 + 2*i + 3. Calculate the remainder when 154 is divided by a(14).
30
Let t be 18*-1 + 9 + -12. Calculate the remainder when 49 is divided by -3 + (-7)/(t/60).
15
Suppose 0 = -s + 5*s. Suppose -2*w - q + s*q = -25, 4*w - 40 = -4*q. What is the remainder when 31 is divided by ((-22)/3)/((-10)/w)?
9
Suppose -2*d = -4*d + 16. Calculate the remainder when 15 is divided by d.
7
Suppose 3 = -4*g - 3*a, g - 3*a - 6 = 12. Suppose -45 = -2*p - h, -g*p + h + 39 = -p. Calculate the remainder when 41 is divided by p.
20
Let i be ((-12)/(-9))/(2/6). Suppose 3*t - 2*y - 49 = -2*t, -2*y - 40 = -i*t. Calculate the remainder when t is divided by 5*(2 + -1)*1.
4
Let k = -14 - -22. What is the remainder when 39 is divided by k?
7
Let r = 0 + 7. Let b = 43 - 23. Calculate the remainder when b is divided by r.
6
Suppose -5*w + 112 = -w. Suppose 3*h = -m + 3, -4*h - w + 0 = -4*m. What is the remainder when 8 is divided by m?
2
Let a = -26 + 12. Let j = -11 - a. What is the remainder when 5 is divided by j?
2
Let d = 10 - 8. Suppose -24 = -d*v - 2. What is the remainder when v is divided by 6?
5
Suppose -6 = -5*b + 2*b. Suppose f = -b*f + 150. Suppose -4*a = -3*a - 13. Calculate the remainder when f is divided by a.
11
Let k(t) = -22*t - 1. Suppose -4*l + 2 = -3*l. Suppose 0 = -2*u + 3*r - 4*r, 0 = -3*u - l*r + 1. Calculate the remainder when k(u) is divided by 11.
10
Let o(t) = 3*t + 29. Let n be (-3)/(-1) - (-1)/(-1). Calculate the remainder when o(0) is divided by 17 - (n + 0 - 1).
13
Let p = -2 + -12. Let y = -9 - p. Calculate the remainder when 7 is divided by y.
2
Let o(a) = a**3 + 8*a**2 + 7*a + 7. Calculate the remainder when 11 is divided by o(-7).
4
Suppose i - 15 = -4*i. Suppose 0 = -i*f - 5*k + 68 - 11, 3*f + 2*k = 48. Calculate the remainder when 40 is divided by f.
12
Let l(d) = 2*d**2 + 7*d + 1. Suppose -2*v + 17 = -5. Calculate the remainder when l(-6) is divided by v.
9
Suppose -3*k = 5*a - 451, -a + 2*a = -1. Suppose -5*w + k = 47. Calculate the remainder when w is divided by (-2)/3 - 105/(-9).
10
Let i(b) = -b**2 - 19*b + 11. What is the remainder when 130 is divided by i(-19)?
9
Let i = -139 - -146. Calculate the remainder when 68 is divided by i.
5
Let q = -3 - -8. Suppose 3*v - 46 = 5. What is the remainder when v is divided by q?
2
Suppose 4 = -5*y + 19. Calculate the remainder when ((-7)/(-2))/((-1)/(-2)) is divided by y.
1
Let n(k) be the second derivative of k**4/6 - k**3/2 - k**2/2 - k. What is the remainder when n(-2) is divided by 5?
3
Suppose l + 0*l = 83. Let m = l - 56. What is the remainder when 52 is divided by m?
25
Let v = 8 + -4. Let x(t) = -8 + 0*t - 4*t - v*t + 3*t + t**2. Calculate the remainder when 16 is divided by x(7).
4
Let y be (1*-8)/(5/(-10)). Suppose 4*h + m + y = 67, h + 2*m = 18. Calculate the remainder when ((-2)/4)/(2/(-188)) is divided by h.
11
Let j(q) = -q + 5. Calculate the remainder when 35 is divided by j(-7).
11
Let k be ((0/(-3))/(-1))/2. Suppose 3*g = -5*w + 50, k = 4*g - 6*g. What is the remainder when w is divided by 3?
1
Let s(u) = u**2 - 2*u + 1. Let c be s(3). Suppose -c*w - 6 = -5*y - 46, 4*w = 0. Let o = y - -34. Calculate the remainder when o is divided by 9.
8
Let c(l) = l**2 + 6*l + 5. Calculate the remainder when 32 is divided by c(-7).
8
Suppose 5*x - 6 = -36. Let k(r) = -r**2 + r. Let t be k(4). Let u = x - t. Calculate the remainder when 17 is divided by u.
5
Let i be (3 - 2)*(-1 - 5). Calculate the remainder when -6 - i - (-12 + 1) is divided by 3.
2
Suppose 0 = 4*a - 40 + 12. Calculate the remainder when 27 is divided by a.
6
Suppose 3*t + 16 = 7*t. Let g(p) = -p + 5. Let h be g(-2). Let d = h + t. What is the remainder when 30 is divided by d?
8
Let h(c) = -c**2 + 7*c. Let o be h(7). Suppose 3*g - g = o. Calculate the remainder when (1 - (-1 + -6)) + g is divided by 3.
2
Suppose 2*q - 21 - 45 = 0. What is the remainder when q is divided by (-9)/18*18*-1?
6
Let j = 59 + -30. Calculate the remainder when j is divided by 16.
13
Let d(z) = 2*z**2 - z. Suppose 0 = 3*s - 3*t - 12, 2*s + 0*s - 5*t - 11 = 0. What is the remainder when s is divided by d(-1)?
0
Let f(p) be the third derivative of p**5/60 - p**4/6 - 13*p**3/6 - 8*p**2. What is the remainder when f(8) is divided by 5?
4
Suppose 0 = -s - 5*u - 9, 6*u - 2*u + 20 = 0. Suppose -h + 2*l = -8, 0 = 2*h - 4*h + l + s. Calculate the remainder when h is divided by ((-2)/1 - -1)*-3.
2
Suppose -l + 6 = 2. Suppose 0 = -l*f + 41 + 27. What is the remainder when f is divided by 9?
8
Suppose 5*m + 72 = 8*m. Calculate the remainder when 68 is divided by -1 + m + 0/3.
22
Suppose 2*q - 7*q + 4*z = -23, -q + 3*z + 9 = 0. Calculate the remainder when q/(-5) - 744/(-15) is divided by 17.
15
Suppose 5*m + 34 = i - 4, -i + m = -18. Calculate the remainder when i is divided by 3.
1
Let p be ((-20)/25)/((-6)/105). Let l = p - 11. Suppose 2*c = j - 7, -2*c = 2*j + 2*c - 14. Calculate the remainder when j is divided by l.
1
Suppose 13 = n - y, -5*n - 2*y + 37 = -0*y. Let j = 41 - 24. What is the remainder when j is divided by n?
8
Let c(y) = -y**3 + 23*y**2 - 22*y + 14. What is the remainder when c(22) is divided by 9?
5
Let i = 78 - 48. What is the remainder when i is divided by 16?
14
Let r(m) = m + 10. Calculate the remainder when 6 is divided by r(-5).
1
Let p be -1*(-94)/(-2)*-1. Let q = -76 + 50. Let t = p + q. What is the remainder when t is divided by 11?
10
Let w be ((-10)/4)/(1/(-2)). Suppose -i = w, -3*x + 4*i + 115 = 14. What is the remainder when 78 is divided by x?
24
Suppose -87 = 2*r - 5*r. Calculate the remainder when 112 is divided by r.
25
Calculate the remainder when 67*(-1 + 4/2) is divided by 17.
16
Let u(h) = h**3 - 7*h**2 + 4. Let c be u(7). Let d(m) = m**2 - 3*m. Suppose 5*t = 8 + 22. What is the remainder when t is divided by d(c)?
2
Suppose 1 - 13 = -3*n. Suppose -38 = -n*s + 18. What is the remainder when s is divided by 1 + 6*(-4)/(-6)?
4
Let q(h) = h**2 - 4*h + 2. Calculate the remainder when q(-9) is divided by 30.
29
Let u = -26 + 128. Calculate the remainder when u is divided by 35.
32
Let o(c) = -2*c + 15. Let u be o(0). Suppose 0 = -2*s + s - 5*n + u, 0 = s + 4*n - 13. Calculate the remainder when s is divided by 3.
2
Let a be (8 - 11) + (-9)/(-1). Let n = -49 + 72. Calculate the remainder when n is divided by 6/(((-3)/a)/(-1)).
11
Let m(v) = -v**2 - 7*v - 4. Calculate the remainder when 13 is divided by m(-3).
5
Let v = 89 - 45. Let s = 324 - 309. Calculate the remainder when v is divided by s.
14
Let b = -61 - -74. Let h = 0 - -8. What is the remainder when b is divided by h?
5
Let k(c) = c**2 + 8*c + 7. Let v be k(-7). Suppose v*m = 5*m - 100. What is the remainder when 79 is divided by m?
19
Calculate the remainder when 38 is divided by (-12)/10*(-200)/12.
18
Let s = 2 + 10. Calculate the remainder when (-46)/4*2*-1 is divided by s.
11
Let m(g) = -g**2 - 5*g + 11. Let f be m(-6). Suppose 2*o = l - 9 + 33, 3*o + f*l - 10 = 0. Calculate the remainder when 19 is divided by o.
9
Let w = 16 - -1. Calculate the remainder when w is divided by 6.
5
Suppose 24 = 39*n - 37*n. What is the remainder when n is divided by 7?
5
Suppose 2*g + 24 = -5*j - 22, -10 = 2*j + 5*g. Let u = j + 16. Calculate the remainder when 21 is divided by u.
3
Let g(t) = t**2 + 8*t - 4. Let n be (1*2)/((-2)/7). Let s be g(n). Let y = -2 - s. Calculate the remainder when 25 is divided by y.
7
Let q = 37 + -20. Let j = -14 - -63. Calculate the remainder when j is divided by q.
15
Let h = 289 - 246. Let o(m) = -12*m**3 - 1. Calculate the remainder when h is divided by o(-1).
10
Suppose -14 - 7 = -3*a. What is the remainder when 11 is divided by a?
4
Let m(j) = 16*j - 37. What is the remainder when m(8) is divided by 24?
19
Suppose -5*y = -4 + 14. What is the remainder when 87/6*(0 - y) is divided by ((-140)/21)/(2/(-3))?
9
Let d be (-18)/117 + 106/13. What is the remainder when 65 is divided by ((-68)/d)/(2/(-4))?
14
Suppose -o + 21 = 2*o - 3*z, 0 = 5*z - 5. What is the remainder when 30 is divided by o?
6
Suppose -c + 4*c = -4*b + 23, 0 = -3*c - 2*b + 19. Suppose 0 = m - c*t, 2*t - 5*